{"id":21,"date":"2025-06-20T07:36:01","date_gmt":"2025-06-20T07:36:01","guid":{"rendered":"http:\/\/bumzi.ro\/?page_id=21"},"modified":"2025-06-20T07:36:01","modified_gmt":"2025-06-20T07:36:01","slug":"politica-de-confidentialitate","status":"publish","type":"page","link":"https:\/\/bumzi.ro\/?page_id=21","title":{"rendered":"Politic\u0103 de confiden\u021bialitate"},"content":{"rendered":"<h2 data-start=\"306\" data-end=\"338\">Politica de Confiden\u021bialitate<\/h2>\n<p data-start=\"340\" data-end=\"355\"><strong data-start=\"340\" data-end=\"355\">Cine suntem<\/strong><\/p>\n<p data-start=\"357\" data-end=\"432\">Adresa site-ului nostru este: <a class=\"\" href=\"https:\/\/bumzi.ro\" rel=\"noopener\" data-start=\"387\" data-end=\"431\">https:\/\/bumzi.ro<\/a>.<\/p>\n<hr data-start=\"434\" data-end=\"437\" \/>\n<h2 data-start=\"439\" data-end=\"477\">Ce date personale colect\u0103m \u0219i de ce<\/h2>\n<p data-start=\"479\" data-end=\"648\">Colect\u0103m doar date strict necesare pentru func\u021bionarea site-ului \u0219i pentru analizarea traficului, prin intermediul serviciilor oferite de Google Analytics (Google Inc.).<\/p>\n<hr data-start=\"650\" data-end=\"653\" \/>\n<h3 data-start=\"655\" data-end=\"669\">Comentarii<\/h3>\n<p data-start=\"671\" data-end=\"829\">C\u00e2nd vizitatorii las\u0103 comentarii pe site, colect\u0103m datele afi\u0219ate \u00een formularul de comentarii, adresa IP \u0219i informa\u021bii despre browser pentru a detecta spamul.<\/p>\n<p data-start=\"831\" data-end=\"1161\">Un \u0219ir anonim (hash) generat din adresa ta de email poate fi transmis serviciului Gravatar pentru a verifica dac\u0103 \u00eel folose\u0219ti. Politica de confiden\u021bialitate Gravatar este disponibil\u0103 aici: <a class=\"\" href=\"https:\/\/automattic.com\/privacy\/\" target=\"_new\" rel=\"noopener\" data-start=\"1021\" data-end=\"1087\">https:\/\/automattic.com\/privacy\/<\/a>. Dup\u0103 aprobarea comentariului, fotografia ta de profil va deveni public\u0103.<\/p>\n<hr data-start=\"1163\" data-end=\"1166\" \/>\n<h3 data-start=\"1168\" data-end=\"1177\">Media<\/h3>\n<p data-start=\"1179\" data-end=\"1311\">Dac\u0103 \u00eencarci imagini pe site, evit\u0103 s\u0103 incluzi informa\u021bii de localizare (EXIF GPS). Vizitatorii pot desc\u0103rca \u0219i extrage aceste date.<\/p>\n<hr data-start=\"1313\" data-end=\"1316\" \/>\n<h3 data-start=\"1318\" data-end=\"1342\">Formulare de contact<\/h3>\n<p data-start=\"1344\" data-end=\"1428\">Ne po\u021bi contacta oric\u00e2nd la adresa: <a class=\"cursor-pointer\" rel=\"noopener\" data-start=\"1380\" data-end=\"1427\">admin@bumzi.ro<\/a>.<\/p>\n<hr data-start=\"1430\" data-end=\"1433\" \/>\n<h3 data-start=\"1435\" data-end=\"1449\">Cookie-uri<\/h3>\n<p data-start=\"1451\" data-end=\"1621\">Dac\u0103 la\u0219i un comentariu, po\u021bi opta pentru salvarea numelui, emailului \u0219i site-ului t\u0103u \u00eentr-un cookie. Acestea sunt pentru confortul t\u0103u \u0219i vor fi p\u0103strate timp de un an.<\/p>\n<p data-start=\"1623\" data-end=\"1821\">C\u00e2nd accesezi pagina de autentificare, se seteaz\u0103 un cookie temporar pentru a verifica dac\u0103 browserul accept\u0103 cookie-uri. Acesta nu con\u021bine date personale \u0219i este eliminat la \u00eenchiderea browserului.<\/p>\n<p data-start=\"1823\" data-end=\"2106\">La autentificare, se seteaz\u0103 cookie-uri pentru salvarea detaliilor de conectare \u0219i preferin\u021belor de afi\u0219are. Cookie-urile de conectare sunt p\u0103strate dou\u0103 zile (sau dou\u0103 s\u0103pt\u0103m\u00e2ni dac\u0103 alegi \u201e\u021aine-m\u0103 minte\u201d), iar cele de afi\u0219are \u2013 un an. La deconectare, cookie-urile se \u0219terg automat.<\/p>\n<p data-start=\"2108\" data-end=\"2210\">Dac\u0103 editezi\/publici un articol, se va salva un cookie suplimentar, f\u0103r\u0103 date personale, valabil o zi.<\/p>\n<hr data-start=\"2212\" data-end=\"2215\" \/>\n<h3 data-start=\"2217\" data-end=\"2258\">Con\u021binut \u00eenglobat de pe alte site-uri<\/h3>\n<p data-start=\"2260\" data-end=\"2498\">Articolele pot con\u021bine con\u021binut integrat (videouri, imagini etc.) de pe alte site-uri, care se comport\u0103 ca \u0219i cum ai vizita acel site direct. Acestea pot colecta date, folosi cookie-uri sau urm\u0103ri interac\u021biunea ta cu con\u021binutul respectiv.<\/p>\n<hr data-start=\"2500\" data-end=\"2503\" \/>\n<h3 data-start=\"2505\" data-end=\"2518\">Analitice<\/h3>\n<p data-start=\"2520\" data-end=\"2671\">Folosim Google Analytics pentru colectarea datelor despre traficul site-ului. Aceste date sunt utilizate exclusiv pentru analiz\u0103 intern\u0103 \u0219i optimizare.<\/p>\n<hr data-start=\"2673\" data-end=\"2676\" \/>\n<h2 data-start=\"2678\" data-end=\"2709\">Cu cine partaj\u0103m datele tale<\/h2>\n<p data-start=\"2711\" data-end=\"2897\">Dac\u0103 solici\u021bi resetarea parolei, adresa ta IP va fi inclus\u0103 \u00een emailul de resetare. Site-ul <strong data-start=\"2803\" data-end=\"2851\">nu permite crearea de conturi de utilizatori<\/strong>, prin urmare nu se colecteaz\u0103 astfel de date.<\/p>\n<hr data-start=\"2899\" data-end=\"2902\" \/>\n<h2 data-start=\"2904\" data-end=\"2930\">C\u00e2t timp p\u0103str\u0103m datele<\/h2>\n<p data-start=\"2932\" data-end=\"3065\">Comentariile \u0219i metadatele acestora sunt p\u0103strate pe termen nelimitat pentru a permite aprobarea automat\u0103 a comentariilor ulterioare.<\/p>\n<hr data-start=\"3067\" data-end=\"3070\" \/>\n<h2 data-start=\"3072\" data-end=\"3109\">Ce drepturi ai asupra datelor tale<\/h2>\n<p data-start=\"3111\" data-end=\"3308\">Dac\u0103 ai l\u0103sat comentarii, po\u021bi solicita un fi\u0219ier export cu datele tale personale. Po\u021bi cere \u0219i \u0219tergerea acestora, cu excep\u021bia datelor necesare \u00een scopuri administrative, legale sau de securitate.<\/p>\n<hr data-start=\"3310\" data-end=\"3313\" \/>\n<h2 data-start=\"3315\" data-end=\"3338\">Unde trimitem datele<\/h2>\n<p data-start=\"3340\" data-end=\"3445\">Comentariile vizitatorilor pot fi verificate prin servicii automate de detec\u021bie a spamului (ex: Akismet).<\/p>\n<hr data-start=\"3447\" data-end=\"3450\" \/>\n<h2 data-start=\"3452\" data-end=\"3476\">Informa\u021bii de contact<\/h2>\n<p data-start=\"3478\" data-end=\"3600\">Pentru \u00eentreb\u0103ri legate de datele personale, ne po\u021bi contacta oric\u00e2nd la: <a class=\"cursor-pointer\" rel=\"noopener\" data-start=\"3552\" data-end=\"3599\">admin@bumzi.ro<\/a>.<\/p>\n","protected":false},"excerpt":{"rendered":"<p>Politica de Confiden\u021bialitate Cine suntem Adresa site-ului nostru este: https:\/\/bumzi.ro. Ce date personale colect\u0103m \u0219i de ce Colect\u0103m doar date strict necesare pentru func\u021bionarea site-ului \u0219i pentru analizarea traficului, prin intermediul serviciilor oferite de Google Analytics (Google Inc.). Comentarii C\u00e2nd vizitatorii las\u0103 comentarii pe site, colect\u0103m datele afi\u0219ate \u00een formularul de comentarii, adresa IP \u0219i [&hellip;]<\/p>\n","protected":false},"author":1,"featured_media":0,"parent":0,"menu_order":0,"comment_status":"closed","ping_status":"closed","template":"","meta":{"footnotes":""},"class_list":["post-21","page","type-page","status-publish","hentry"],"_links":{"self":[{"href":"https:\/\/bumzi.ro\/index.php?rest_route=\/wp\/v2\/pages\/21","targetHints":{"allow":["GET"]}}],"collection":[{"href":"https:\/\/bumzi.ro\/index.php?rest_route=\/wp\/v2\/pages"}],"about":[{"href":"https:\/\/bumzi.ro\/index.php?rest_route=\/wp\/v2\/types\/page"}],"author":[{"embeddable":true,"href":"https:\/\/bumzi.ro\/index.php?rest_route=\/wp\/v2\/users\/1"}],"replies":[{"embeddable":true,"href":"https:\/\/bumzi.ro\/index.php?rest_route=%2Fwp%2Fv2%2Fcomments&post=21"}],"version-history":[{"count":1,"href":"https:\/\/bumzi.ro\/index.php?rest_route=\/wp\/v2\/pages\/21\/revisions"}],"predecessor-version":[{"id":22,"href":"https:\/\/bumzi.ro\/index.php?rest_route=\/wp\/v2\/pages\/21\/revisions\/22"}],"wp:attachment":[{"href":"https:\/\/bumzi.ro\/index.php?rest_route=%2Fwp%2Fv2%2Fmedia&parent=21"}],"curies":[{"name":"wp","href":"https:\/\/api.w.org\/{rel}","templated":true}]}}